or of 70 and 238?
14
Calculate the greatest common divisor of 106 and 424.
106
Calculate the greatest common factor of 174 and 899.
29
What is the greatest common divisor of 231 and 42?
21
Calculate the greatest common factor of 66 and 2673.
33
What is the highest common factor of 11 and 407?
11
What is the highest common factor of 158 and 5846?
158
What is the greatest common divisor of 135 and 216?
27
What is the greatest common divisor of 49 and 679?
7
What is the greatest common factor of 132 and 2409?
33
Calculate the highest common factor of 504 and 322.
14
Calculate the highest common factor of 235 and 10.
5
Calculate the highest common factor of 15147 and 405.
81
What is the greatest common divisor of 228 and 437?
19
What is the highest common factor of 320 and 280?
40
Calculate the greatest common divisor of 1110 and 70.
10
What is the highest common divisor of 351 and 312?
39
Calculate the highest common divisor of 30 and 135.
15
Calculate the highest common factor of 986 and 203.
29
Calculate the greatest common factor of 184 and 46.
46
What is the highest common divisor of 42 and 18?
6
Calculate the greatest common factor of 2384 and 5513.
149
Calculate the greatest common factor of 24 and 372.
12
Calculate the greatest common factor of 868 and 252.
28
What is the greatest common divisor of 55 and 190?
5
Calculate the greatest common divisor of 36 and 96.
12
Calculate the greatest common divisor of 45 and 180.
45
Calculate the highest common factor of 14032 and 16.
16
Calculate the greatest common divisor of 8 and 3544.
8
Calculate the highest common divisor of 2691 and 92.
23
What is the highest common factor of 3335 and 290?
145
Calculate the highest common factor of 168 and 574.
14
Calculate the greatest common divisor of 338 and 26.
26
Calculate the highest common divisor of 77 and 143.
11
Calculate the greatest common factor of 190 and 133.
19
What is the greatest common divisor of 142 and 639?
71
Calculate the highest common divisor of 11180 and 52.
52
Calculate the highest common divisor of 2 and 14.
2
Calculate the highest common factor of 2923 and 1027.
79
Calculate the greatest common divisor of 16 and 6.
2
Calculate the highest common divisor of 21 and 399.
21
What is the greatest common factor of 909 and 9?
9
What is the greatest common divisor of 243 and 45?
9
Calculate the greatest common factor of 1272 and 24.
24
Calculate the highest common divisor of 318 and 10918.
106
Calculate the greatest common divisor of 187 and 17.
17
Calculate the greatest common factor of 18 and 774.
18
Calculate the greatest common factor of 84 and 1572.
12
What is the greatest common factor of 84 and 1386?
42
Calculate the highest common divisor of 120 and 1122.
6
Calculate the greatest common divisor of 110 and 1386.
22
Calculate the greatest common divisor of 795 and 14045.
265
What is the greatest common divisor of 198 and 126?
18
Calculate the highest common factor of 77 and 22.
11
What is the greatest common factor of 1736 and 112?
56
What is the highest common factor of 81 and 999?
27
Calculate the highest common factor of 28 and 3388.
28
Calculate the greatest common divisor of 11377 and 248.
31
Calculate the greatest common factor of 10 and 105.
5
Calculate the greatest common factor of 41 and 12341.
41
Calculate the greatest common divisor of 92 and 48.
4
What is the highest common factor of 952 and 217?
7
What is the greatest common divisor of 952 and 1224?
136
Calculate the greatest common factor of 52 and 7800.
52
What is the greatest common divisor of 18 and 678?
6
What is the greatest common factor of 6 and 1146?
6
What is the greatest common divisor of 50 and 1535?
5
Calculate the highest common factor of 6 and 1014.
6
Calculate the highest common factor of 3749 and 1630.
163
What is the greatest common factor of 129 and 3?
3
Calculate the highest common factor of 198 and 99.
99
Calculate the highest common factor of 169 and 1092.
13
What is the highest common factor of 543 and 37105?
181
Calculate the greatest common divisor of 6583 and 29.
29
Calculate the highest common divisor of 45 and 18.
9
What is the highest common factor of 22 and 231?
11
Calculate the greatest common factor of 22 and 946.
22
What is the highest common divisor of 28 and 98?
14
Calculate the highest common divisor of 174 and 145.
29
What is the greatest common factor of 9 and 3?
3
What is the highest common factor of 148 and 1924?
148
What is the greatest common factor of 14 and 2732?
2
What is the highest common factor of 1512 and 1848?
168
Calculate the highest common divisor of 25 and 7925.
25
What is the greatest common factor of 3428 and 8?
4
What is the highest common factor of 36 and 228?
12
What is the highest common divisor of 1 and 3?
1
Calculate the greatest common divisor of 14 and 49.
7
What is the highest common divisor of 680 and 1496?
136
What is the greatest common divisor of 1764 and 28?
28
What is the greatest common factor of 2519 and 33?
11
Calculate the greatest common factor of 10 and 36.
2
Calculate the highest common divisor of 20093 and 71.
71
Calculate the highest common factor of 10 and 830.
10
Calculate the highest common divisor of 105 and 2490.
15
What is the greatest common divisor of 64 and 352?
32
What is the highest common divisor of 102 and 42942?
102
What is the greatest common factor of 350 and 950?
50
What is the greatest common divisor of 96 and 8160?
96
Calculate the greatest common divisor of 12 and 60.
12
Calculate the highest common factor of 12552 and 24.
24
Calculate the highest common divisor of 1560 and 15.
15
What is the greatest common factor of 56 and 14?
14
Calculate the highest common divisor of 45 and 375.
15
What is the greatest common divisor of 21 and 672?
21
Calculate the greatest common divisor of 1665 and 8510.
185
Calculate the highest common factor of 1 and 863.
1
What is the greatest common factor of 280 and 11060?
140
What is the greatest common divisor of 2562 and 42?
42
What is the highest common divisor of 205 and 328?
41
Calculate the highest common factor of 280 and 3570.
70
Calculate the highest common divisor of 192 and 11280.
48
What is the highest common factor of 45 and 265?
5
What is the greatest common divisor of 871 and 13?
13
What is the greatest common divisor of 364 and 252?
28
What is the highest common factor of 832 and 26?
26
Calculate the highest common factor of 16 and 80.
16
Calculate the highest common divisor of 63 and 546.
21
What is the greatest common factor of 109 and 5123?
109
Calculate the highest common factor of 13222 and 55.
11
Calculate the greatest common factor of 572 and 66.
22
Calculate the greatest common divisor of 330 and 200.
10
Calculate the greatest common divisor of 4646 and 1010.
202
What is the greatest common factor of 64 and 2456?
8
Calculate the greatest common divisor of 230 and 20.
10
What is the greatest common divisor of 19792 and 16?
16
What is the greatest common divisor of 18016 and 8?
8
What is the greatest common divisor of 3 and 267?
3
What is the highest common divisor of 7 and 581?
7
Calculate the highest common factor of 24 and 352.
8
What is the greatest common factor of 21888 and 38?
38
Calculate the highest common factor of 50 and 2790.
10
Calculate the highest common factor of 5917 and 183.
61
Calculate the highest common divisor of 96 and 3696.
48
What is the greatest common divisor of 473 and 43?
43
Calculate the greatest common factor of 341 and 310.
31
What is the greatest common divisor of 78 and 15964?
26
What is the highest common divisor of 156 and 104?
52
What is the highest common factor of 216 and 3537?
27
What is the greatest common factor of 120 and 75?
15
What is the greatest common divisor of 368 and 276?
92
What is the greatest common factor of 147 and 2107?
49
Calculate the greatest common divisor of 20 and 64.
4
Calculate the greatest common divisor of 1974 and 126.
42
Calculate the highest common factor of 5 and 9455.
5
Calculate the greatest common divisor of 28363 and 251.
251
What is the greatest common divisor of 91 and 448?
7
What is the highest common divisor of 24 and 440?
8
What is the highest common factor of 826 and 2714?
118
What is the highest common divisor of 30 and 60?
30
Calculate 